{"id":49,"date":"2024-03-25T17:28:07","date_gmt":"2024-03-25T20:28:07","guid":{"rendered":"https:\/\/www.sescpr.com.br\/museudocafe\/?page_id=49"},"modified":"2024-08-20T13:41:00","modified_gmt":"2024-08-20T16:41:00","slug":"sobre","status":"publish","type":"page","link":"https:\/\/www.sescpr.com.br\/museudocafe\/sobre\/","title":{"rendered":"Sobre o Museu"},"content":{"rendered":"\n<section class=\"wp-block-group mt-5 is-layout-constrained wp-block-group-is-layout-constrained\"><div class=\"wp-block-group__inner-container\">    <style> #sesc-69f8b81e161be .sescpr-col-simple-content{display:flex !important;flex-direction:column-reverse !important;width:100% !important;} #sesc-69f8b81e161be .image-simple{object-fit:cover !important;width:100% !important;display:block !important;position:relative !important;} #sesc-69f8b81e161be .image-simple.size-variable{object-fit:scale-down !important;object-position:center center !important;height:50vh !important;} #sesc-69f8b81e161be .sesc-col-1{width:100% !important;display:flex !important;flex-direction:column !important;align-items:center !important;justify-content:center !important;background:transparent !important;} #sesc-69f8b81e161be .sesc-col-2{display:flex !important;align-items:center !important;width:100% !important;background:transparent !important;} @media (min-width: 992px) {  #sesc-69f8b81e161be .image-simple.size-variable{height:50vh !important;} #sesc-69f8b81e161be .sescpr-col-simple-content{flex-direction:row-reverse !important;} #sesc-69f8b81e161be .sesc-col-1{width:50% !important;} #sesc-69f8b81e161be .sesc-col-2{width:50% !important;}}<\/style>\n\n    <div id=\"sesc-69f8b81e161be\" class=\"container-xl\">\n\n        <div class=\"sescpr-col-simple-content\">\n\n            <div class=\"sesc-col-1\">\n                <img decoding=\"async\" src=\"https:\/\/www.sescpr.com.br\/museudocafe\/wp-content\/uploads\/sites\/231\/2024\/06\/FotoArminioKaiserMHL-1.jpg\" width=\"1300\" width=\"1300\" heigth=\"1257\" alt=\"Fazenda Santa Zulmira em Astorga\/PR\" class=\"image-simple boder-molde2\" loading=\"lazy\" \/>\n                                    <small class=\"legenda\">Foto de Arm\u00ednio Kaiser | Acervo <a href=\"https:\/\/sites.uel.br\/museu\/\" target=\"_blank\" rel=\"noreferrer noopener\">MHL\/UEL<\/a><\/small>\n                            <\/div>\n\n            <div class=\"sesc-col-2\" style=\"z-index:2;\">\n                <div class=\"p-2 p-md-4\">\n                    \n<div>\n<h3 class=\"wp-block-heading has-text-align-center mt-5 md-md-0\"><strong>O primeiro museu do Sesc Paran\u00e1<\/strong><\/h3>\n\n\n\n<p class=\"has-text-align-left\">O Museu do Caf\u00e9 foi inaugurado no dia 24 de agosto de 2023, na cidade de Londrina. Esse novo equipamento cultural foi criado para preservar a mem\u00f3ria da cultura cafeeira dessa cidade que j\u00e1 foi conhecida como a capital mundial do caf\u00e9.<br><br>Com a instala\u00e7\u00e3o do museu, o Sesc busca preservar um dos mais importantes ciclos econ\u00f4micos do Paran\u00e1, respons\u00e1vel pelo desenvolvimento e cria\u00e7\u00e3o de munic\u00edpios em toda a regi\u00e3o norte do estado.<\/p>\n<\/div>\n                <\/div>\n            <\/div>\n        <\/div>\n\n    <\/div>\n\n<\/div><\/section>\n\n\n\n<div class=\"wp-block-group py-2 py-md-5 my-md-5 is-layout-constrained wp-block-group-is-layout-constrained\"><div class=\"wp-block-group__inner-container\">\n<section class=\"wp-block-group bg-secondary full-width boder-molde1 has-teal-background-color has-background is-layout-constrained wp-block-group-is-layout-constrained\"><div class=\"wp-block-group__inner-container\">\n<div class=\"wp-block-columns container-xl is-layout-flex wp-container-core-columns-layout-1 wp-block-columns-is-layout-flex\">\n<div class=\"wp-block-column is-vertically-aligned-center p-4 pe-md-5 is-layout-flow wp-block-column-is-layout-flow\" style=\"flex-basis:60%\">\n<div class=\"wp-block-group p-0 pe-md-5 is-layout-constrained wp-block-group-is-layout-constrained\"><div class=\"wp-block-group__inner-container\">\n<h4 class=\"wp-block-heading has-text-align-left text-white pb-3 has-white-color has-text-color has-link-color wp-elements-3e778d531dc40d427eb1e3c34515d99b\">Anexo ao Sesc Londrina Cadei\u00e3o Cultural<\/h4>\n\n\n\n<p class=\"has-text-align-left align-items-center has-white-color has-text-color has-link-color wp-elements-4500fb71c2e9082b8062ee0783c02aa0\">O Museu faz parte da estrutura do <a href=\"https:\/\/www.sescpr.com.br\/unidade\/sesc-londrina-cadeiao\/\">Sesc Londrina Cadei\u00e3o<\/a>, um centro cultural constru\u00eddo pelo Sesc Paran\u00e1 no pr\u00e9dio que abrigava a antiga cadeia p\u00fablica da cidade. A unidade oferece cursos regulares de artes, m\u00fasica e teatro, al\u00e9m de exposi\u00e7\u00f5es e apresenta\u00e7\u00f5es culturais. Ambos est\u00e3o abertos ao p\u00fablico para visita\u00e7\u00e3o gratuita.<\/p>\n\n\n    <a href=\"https:\/\/www.sescpr.com.br\/unidade\/sesc-londrina-cadeiao\/\" class=\"btn px-4 py-3 mx-auto d-block btn-outline-light py-1 px-5\" style=\"max-width: max-content; min-width: 100px\">\r\n        Veja Mais    <\/a>\r\n\r\n<\/div><\/div>\n<\/div>\n\n\n\n<div class=\"wp-block-column is-vertically-aligned-center is-layout-flow wp-block-column-is-layout-flow\" style=\"flex-basis:33.33%\">\n<div class=\"wp-block-group position-relative is-layout-constrained wp-block-group-is-layout-constrained\"><div class=\"wp-block-group__inner-container\"><div class=\"wp-block-image is-style-rounded py-2 mb-0 position-md-absolute transform-scale\">\n<figure class=\"aligncenter size-full is-resized\"><img loading=\"lazy\" decoding=\"async\" width=\"1400\" height=\"933\" src=\"https:\/\/www.sescpr.com.br\/museudocafe\/wp-content\/uploads\/sites\/231\/2024\/06\/SescLondrinaCadeiao.jpg\" alt=\"\" class=\"wp-image-596555\" style=\"object-fit:cover;width:300px;height:300px\" srcset=\"https:\/\/www.sescpr.com.br\/museudocafe\/wp-content\/uploads\/sites\/231\/2024\/06\/SescLondrinaCadeiao.jpg 1400w, https:\/\/www.sescpr.com.br\/museudocafe\/wp-content\/uploads\/sites\/231\/2024\/06\/SescLondrinaCadeiao-300x200.jpg 300w, https:\/\/www.sescpr.com.br\/museudocafe\/wp-content\/uploads\/sites\/231\/2024\/06\/SescLondrinaCadeiao-1024x682.jpg 1024w, https:\/\/www.sescpr.com.br\/museudocafe\/wp-content\/uploads\/sites\/231\/2024\/06\/SescLondrinaCadeiao-768x512.jpg 768w\" sizes=\"(max-width: 1400px) 100vw, 1400px\" \/><\/figure><\/div><\/div><\/div>\n<\/div>\n<\/div>\n<\/div><\/section>\n<\/div><\/div>\n\n\n\n<section class=\"wp-block-group is-layout-constrained wp-block-group-is-layout-constrained\"><div class=\"wp-block-group__inner-container\">\n<div class=\"wp-block-columns is-layout-flex wp-container-core-columns-layout-2 wp-block-columns-is-layout-flex\">\n<div class=\"wp-block-column is-vertically-aligned-center is-layout-flow wp-block-column-is-layout-flow\">\n<h4 class=\"wp-block-heading ps-3 mb-4\">Restauro do pr\u00e9dio hist\u00f3rico preserva mem\u00f3ria do ciclo cafeeiro&nbsp;<\/h4>\n\n\n\n<p class=\"has-text-align-left ps-3 align-items-center me-3 has-text-color has-link-color wp-elements-b48ea37b17593cf4394a58f0ac566050\" style=\"color:#411414\">O pr\u00e9dio do Museu foi constru\u00eddo na d\u00e9cada de 1960, auge da produ\u00e7\u00e3o cafeeira paranaense, e abrigou durante 54 anos a 10\u00aa Subdivis\u00e3o Policial.<br><br>Sua desocupa\u00e7\u00e3o completa ocorreu em 2018, quando o Sesc Paran\u00e1 recebeu o im\u00f3vel e iniciou o trabalho de reforma, restaura\u00e7\u00e3o e adapta\u00e7\u00e3o das instala\u00e7\u00f5es.&nbsp;&nbsp;<\/p>\n<\/div>\n\n\n\n<div class=\"wp-block-column is-vertically-aligned-center is-layout-flow wp-block-column-is-layout-flow\">    <style> #sesc-69f8b81e17857{position:relative !important;width:100% !important;height:300px !important;} @media (min-width: 992px) {  #sesc-69f8b81e17857{width:100% !important;height:500px !important;}}<\/style>\r\n    <div id=\"sesc-69f8b81e17857\" class=\"rounded-5 overflow-hidden\" style=\"position: relative\">\r\n        <div class=\"sescpr-compare-content\" data-active=\"false\">\r\n\r\n            <div class=\"compare compare1\" style=\"width: 100%\">\r\n                <img decoding=\"async\" src=\"https:\/\/www.sescpr.com.br\/museudocafe\/wp-content\/uploads\/sites\/231\/2024\/06\/fachada-2a-1024x805.jpg\" width=\"640\" heigth=\"503\" alt=\"fachada-2a\" class=\"\" loading=\"lazy\" onload=\"sescCompareImgResize(this)\" \/>\r\n            <\/div>\r\n\r\n            <div class=\"compare compare2\" style=\"width: 50%\">\r\n                <img decoding=\"async\" src=\"https:\/\/www.sescpr.com.br\/museudocafe\/wp-content\/uploads\/sites\/231\/2024\/06\/fachada-2b-1024x805.jpg\" width=\"640\" heigth=\"503\" alt=\"fachada-2b\" class=\"\" loading=\"lazy\" onload=\"sescCompareImgResize(this)\" \/>\r\n            <\/div>\r\n            <div class=\"barra-crop\">\r\n                <button><\/button>\r\n            <\/div>\r\n        <\/div>\r\n    <\/div>\r\n    <script>\r\n        document.addEventListener('DOMContentLoaded', function() {\r\n            var content = document.getElementById('sesc-69f8b81e17857').querySelector('.sescpr-compare-content');\r\n\r\n            ['mousedown', 'touchstart'].forEach(function(ev) {\r\n                content.addEventListener(ev, function(elem) {\r\n                    sescCompareImgActive(elem)\r\n                })\r\n            });\r\n\r\n            ['mousemove', 'touchmove'].forEach(function(ev) {\r\n                content.addEventListener(ev, function(elem) {\r\n                    sescCompareImgMoveBar(elem, ev)\r\n                })\r\n            });\r\n\r\n            ['mouseup', 'touchend'].forEach(function(ev) {\r\n                content.addEventListener(ev, function(elem) {\r\n                    sescCompareImgDesactive(elem);\r\n                })\r\n            })\r\n            \/\/ ----------------\r\n        })\r\n\r\n\r\n        function sescCompareImgResize($this) {\r\n            var ref = $this.closest(\".sescpr-compare-content\");\r\n            $this.style.minWidth = ref.offsetWidth + \"px\";\r\n            $this.style.minHeight = ref.offsetHeight + \"px\";\r\n        }\r\n\r\n        window.addEventListener(\"resize\", function() {\r\n            var component = document.querySelector(\"#sesc-69f8b81e17857\");\r\n            var imgs = component.querySelectorAll(\"img\");\r\n            for (var i = 0; i < imgs.length; i++) {\r\n                sescCompareImgResize(imgs[i]);\r\n            }\r\n        });\r\n    <\/script>\r\n\r\n<\/div>\n<\/div>\n\n\n\n<div class=\"wp-block-columns bg-primary rounded-5 overflow-hidden is-layout-flex wp-container-core-columns-layout-3 wp-block-columns-is-layout-flex\">\n<div class=\"wp-block-column is-layout-flow wp-block-column-is-layout-flow\">    <style> #sesc-69f8b81e1816f{position:relative !important;width:100% !important;height:300px !important;} @media (min-width: 992px) {  #sesc-69f8b81e1816f{width:100% !important;height:500px !important;}}<\/style>\r\n    <div id=\"sesc-69f8b81e1816f\" class=\"\" style=\"position: relative\">\r\n        <div class=\"sescpr-compare-content\" data-active=\"false\">\r\n\r\n            <div class=\"compare compare1\" style=\"width: 100%\">\r\n                <img decoding=\"async\" src=\"https:\/\/www.sescpr.com.br\/museudocafe\/wp-content\/uploads\/sites\/231\/2024\/06\/escadas-1a-1024x622.jpg\" width=\"640\" heigth=\"389\" alt=\"escadas-1a\" class=\"\" loading=\"lazy\" onload=\"sescCompareImgResize(this)\" \/>\r\n            <\/div>\r\n\r\n            <div class=\"compare compare2\" style=\"width: 50%\">\r\n                <img decoding=\"async\" src=\"https:\/\/www.sescpr.com.br\/museudocafe\/wp-content\/uploads\/sites\/231\/2024\/06\/escadas-1b-1024x622.jpg\" width=\"640\" heigth=\"389\" alt=\"escadas-1b\" class=\"\" loading=\"lazy\" onload=\"sescCompareImgResize(this)\" \/>\r\n            <\/div>\r\n            <div class=\"barra-crop\">\r\n                <button><\/button>\r\n            <\/div>\r\n        <\/div>\r\n    <\/div>\r\n    <script>\r\n        document.addEventListener('DOMContentLoaded', function() {\r\n            var content = document.getElementById('sesc-69f8b81e1816f').querySelector('.sescpr-compare-content');\r\n\r\n            ['mousedown', 'touchstart'].forEach(function(ev) {\r\n                content.addEventListener(ev, function(elem) {\r\n                    sescCompareImgActive(elem)\r\n                })\r\n            });\r\n\r\n            ['mousemove', 'touchmove'].forEach(function(ev) {\r\n                content.addEventListener(ev, function(elem) {\r\n                    sescCompareImgMoveBar(elem, ev)\r\n                })\r\n            });\r\n\r\n            ['mouseup', 'touchend'].forEach(function(ev) {\r\n                content.addEventListener(ev, function(elem) {\r\n                    sescCompareImgDesactive(elem);\r\n                })\r\n            })\r\n            \/\/ ----------------\r\n        })\r\n\r\n\r\n        function sescCompareImgResize($this) {\r\n            var ref = $this.closest(\".sescpr-compare-content\");\r\n            $this.style.minWidth = ref.offsetWidth + \"px\";\r\n            $this.style.minHeight = ref.offsetHeight + \"px\";\r\n        }\r\n\r\n        window.addEventListener(\"resize\", function() {\r\n            var component = document.querySelector(\"#sesc-69f8b81e1816f\");\r\n            var imgs = component.querySelectorAll(\"img\");\r\n            for (var i = 0; i < imgs.length; i++) {\r\n                sescCompareImgResize(imgs[i]);\r\n            }\r\n        });\r\n    <\/script>\r\n\r\n<\/div>\n\n\n\n<div class=\"wp-block-column is-vertically-aligned-center px-3 px-md-5 color-white bg-primary has-red-background-color has-background is-layout-flow wp-block-column-is-layout-flow\" style=\"flex-basis:50%\">\n<p class=\"py-4 py-lg-0 has-white-color has-text-color has-link-color wp-elements-0557a96f7a94038b9ec028828cc317bd\">A arquitetura foi preservada, com a restaura\u00e7\u00e3o da estrutura do pr\u00e9dio e de elementos arquitet\u00f4nicos hist\u00f3ricos caracter\u00edsticos da d\u00e9cada de 1960, como a escadaria de acesso ao pavimento superior, al\u00e9m dos pisos em taco e granitina.&nbsp;<\/p>\n<\/div>\n<\/div>\n<\/div><\/section>\n\n\n\n<section class=\"wp-block-group py-md-5 my-md-5 is-layout-constrained wp-block-group-is-layout-constrained\"><div class=\"wp-block-group__inner-container\">\n<h4 class=\"wp-block-heading mt-5 ps-3 pb-3\">Reforma preservou tra\u00e7os arquitet\u00f4nicos do passado<\/h4>\n\n\n\n<div class=\"wp-block-columns rounded-5 overflow-hidden p-0 m-0 is-layout-flex wp-container-core-columns-layout-4 wp-block-columns-is-layout-flex\">\n<div class=\"wp-block-column is-vertically-aligned-stretch overflow-hidden is-layout-flow wp-block-column-is-layout-flow\" style=\"flex-basis:60%\">\n<figure class=\"wp-block-image alignfull size-large p-0 m-0 h-100\"><img loading=\"lazy\" decoding=\"async\" width=\"1024\" height=\"680\" src=\"https:\/\/www.sescpr.com.br\/museudocafe\/wp-content\/uploads\/sites\/231\/2024\/06\/mg2-1-1024x680.jpg\" alt=\"\" class=\"wp-image-596760\" srcset=\"https:\/\/www.sescpr.com.br\/museudocafe\/wp-content\/uploads\/sites\/231\/2024\/06\/mg2-1-1024x680.jpg 1024w, https:\/\/www.sescpr.com.br\/museudocafe\/wp-content\/uploads\/sites\/231\/2024\/06\/mg2-1-300x199.jpg 300w, https:\/\/www.sescpr.com.br\/museudocafe\/wp-content\/uploads\/sites\/231\/2024\/06\/mg2-1-768x510.jpg 768w, https:\/\/www.sescpr.com.br\/museudocafe\/wp-content\/uploads\/sites\/231\/2024\/06\/mg2-1.jpg 1152w\" sizes=\"(max-width: 1024px) 100vw, 1024px\" \/><\/figure>\n<\/div>\n\n\n\n<div class=\"wp-block-column is-vertically-aligned-stretch d-flex flex-md-column pt-3 pt-md-0 ps-md-3 gap-2 gap-md-3 is-layout-flow wp-block-column-is-layout-flow\">\n<figure class=\"wp-block-image size-full m-0 p-0  col-6 col-md-12\"><img loading=\"lazy\" decoding=\"async\" width=\"1024\" height=\"680\" src=\"https:\/\/www.sescpr.com.br\/museudocafe\/wp-content\/uploads\/sites\/231\/2024\/06\/img1-1.jpg\" alt=\"\" class=\"wp-image-596766\" srcset=\"https:\/\/www.sescpr.com.br\/museudocafe\/wp-content\/uploads\/sites\/231\/2024\/06\/img1-1.jpg 1024w, https:\/\/www.sescpr.com.br\/museudocafe\/wp-content\/uploads\/sites\/231\/2024\/06\/img1-1-300x199.jpg 300w, https:\/\/www.sescpr.com.br\/museudocafe\/wp-content\/uploads\/sites\/231\/2024\/06\/img1-1-768x510.jpg 768w\" sizes=\"(max-width: 1024px) 100vw, 1024px\" \/><\/figure>\n\n\n\n<figure class=\"wp-block-image size-full m-0 p-0  col-6 col-md-12\"><img loading=\"lazy\" decoding=\"async\" width=\"1024\" height=\"683\" src=\"https:\/\/www.sescpr.com.br\/museudocafe\/wp-content\/uploads\/sites\/231\/2024\/06\/mg3-1.jpg\" alt=\"\" class=\"wp-image-596771\" srcset=\"https:\/\/www.sescpr.com.br\/museudocafe\/wp-content\/uploads\/sites\/231\/2024\/06\/mg3-1.jpg 1024w, https:\/\/www.sescpr.com.br\/museudocafe\/wp-content\/uploads\/sites\/231\/2024\/06\/mg3-1-300x200.jpg 300w, https:\/\/www.sescpr.com.br\/museudocafe\/wp-content\/uploads\/sites\/231\/2024\/06\/mg3-1-768x512.jpg 768w\" sizes=\"(max-width: 1024px) 100vw, 1024px\" \/><\/figure>\n<\/div>\n<\/div>\n\n\n\n<p class=\"legenda has-text-color has-link-color wp-elements-de218e447e5c4979d30b24bd255c9ddc\" style=\"color:#411414\">Ensaio fotogr\u00e1fico produzido pela orientadora de atividades do Museu, Angellica Kelci Kubo Pastorello, durante as obras de restauro e reforma. <\/p>\n<\/div><\/section>\n\n\n\n<div class=\"wp-block-group alignfull px-1 p-md-0 full-width has-background is-layout-constrained wp-block-group-is-layout-constrained\" style=\"background-color:#681710\"><div class=\"wp-block-group__inner-container\">\n<div class=\"wp-block-group container-xl is-layout-constrained wp-block-group-is-layout-constrained\"><div class=\"wp-block-group__inner-container\">\n<h4 class=\"wp-block-heading has-text-align-center pt-5 has-white-color has-text-color has-link-color wp-elements-5bb41c4c6629e931a0706cf1f2f1310d\">Um novo e moderno equipamento cultural em Londrina&nbsp;<\/h4>\n\n\n\n<p class=\"has-text-align-center pt-3 pb-4 lead has-white-color has-text-color has-link-color wp-elements-b5b1e8ca97f7b179da318956da709d68\">Reforma adaptou edif\u00edcio hist\u00f3rico para o uso cultural com tecnologia e modernidade<\/p>\n\n\n    <style> #sesc-69f8b81e18deb .sescpr-col-simple-content{display:flex !important;flex-direction:column !important;width:100% !important;} #sesc-69f8b81e18deb .image-simple{object-fit:cover !important;width:100% !important;display:block !important;position:relative !important;} #sesc-69f8b81e18deb .image-simple.size-variable{object-fit:scale-down !important;object-position:center center !important;height:50vh !important;} #sesc-69f8b81e18deb .sesc-col-1{width:100% !important;display:flex !important;flex-direction:column !important;align-items:center !important;justify-content:center !important;background:transparent !important;} #sesc-69f8b81e18deb .sesc-col-2{display:flex !important;align-items:center !important;width:100% !important;background:#f9b238 !important;} @media (min-width: 992px) {  #sesc-69f8b81e18deb .image-simple.size-variable{height:50vh !important;} #sesc-69f8b81e18deb .sescpr-col-simple-content{flex-direction:row !important;} #sesc-69f8b81e18deb .sesc-col-1{width:50% !important;} #sesc-69f8b81e18deb .sesc-col-2{width:50% !important;}}<\/style>\n\n    <div id=\"sesc-69f8b81e18deb\" class=\"text-black rounded-4 overflow-hidden  bg-tertiary mb-3\">\n\n        <div class=\"sescpr-col-simple-content\">\n\n            <div class=\"sesc-col-1\">\n                <img decoding=\"async\" src=\"https:\/\/www.sescpr.com.br\/museudocafe\/wp-content\/uploads\/sites\/231\/2024\/05\/salaexposicaoMuseu.jpg\" width=\"1400\" width=\"1400\" heigth=\"933\" alt=\"salaexposicaoMuseu\" class=\"image-simple \" loading=\"lazy\" \/>\n                            <\/div>\n\n            <div class=\"sesc-col-2\" style=\"z-index:2;\">\n                <div class=\"p-2 p-md-4\">\n                    \n<div>\n<p>O novo equipamento conta com duas salas voltadas para exposi\u00e7\u00f5es de longa dura\u00e7\u00e3o. Nelas, o visitante encontra informa\u00e7\u00f5es sobre os grupos e etnias formadoras da cafeicultura em Londrina e tamb\u00e9m pe\u00e7as, fotografias e depoimentos que situam trabalho, cotidiano e lazer em torno do caf\u00e9.&nbsp;<\/p>\n<\/div>\n                <\/div>\n            <\/div>\n        <\/div>\n\n    <\/div>\n\n\n\n    <style> #sesc-69f8b81e1923f .sescpr-col-simple-content{display:flex !important;flex-direction:column-reverse !important;width:100% !important;} #sesc-69f8b81e1923f .image-simple{object-fit:cover !important;width:100% !important;display:block !important;position:relative !important;} #sesc-69f8b81e1923f .image-simple.size-variable{object-fit:scale-down !important;object-position:center center !important;height:50vh !important;} #sesc-69f8b81e1923f .sesc-col-1{width:100% !important;display:flex !important;flex-direction:column !important;align-items:center !important;justify-content:center !important;background:transparent !important;} #sesc-69f8b81e1923f .sesc-col-2{display:flex !important;align-items:center !important;width:100% !important;background:#f9b238 !important;} @media (min-width: 992px) {  #sesc-69f8b81e1923f .image-simple.size-variable{height:50vh !important;} #sesc-69f8b81e1923f .sescpr-col-simple-content{flex-direction:row-reverse !important;} #sesc-69f8b81e1923f .sesc-col-1{width:50% !important;} #sesc-69f8b81e1923f .sesc-col-2{width:50% !important;}}<\/style>\n\n    <div id=\"sesc-69f8b81e1923f\" class=\"text-black rounded-4 overflow-hidden  mb-3\">\n\n        <div class=\"sescpr-col-simple-content\">\n\n            <div class=\"sesc-col-1\">\n                <img decoding=\"async\" src=\"https:\/\/www.sescpr.com.br\/museudocafe\/wp-content\/uploads\/sites\/231\/2024\/05\/salacontemporaneaMuseu1.jpg\" width=\"1500\" width=\"1500\" heigth=\"996\" alt=\"salacontemporaneaMuseu(1)\" class=\"image-simple \" loading=\"lazy\" \/>\n                            <\/div>\n\n            <div class=\"sesc-col-2\" style=\"z-index:2;\">\n                <div class=\"p-2 p-md-4 bg-tertiary\">\n                    \n<div>\n<p>A arte contempor\u00e2nea tamb\u00e9m tem espa\u00e7o reservado por aqui. O Museu oferece uma sala de exposi\u00e7\u00f5es tempor\u00e1rias de artes visuais, em que artistas podem propor trabalhos que dialoguem com a tem\u00e1tica.<\/p>\n<\/div>\n                <\/div>\n            <\/div>\n        <\/div>\n\n    <\/div>\n\n\n\n\n<p class=\"text-white pb-4 py-md-5\">Al\u00e9m do espa\u00e7o museol\u00f3gico, o Museu do Caf\u00e9 tamb\u00e9m leva ao p\u00fablico uma s\u00e9rie de atividades como biblioteca, cursos de artes visuais, corte e costura, dan\u00e7a e m\u00fasica.&nbsp;&nbsp;&nbsp;<\/p>\n<\/div><\/div>\n<\/div><\/div>\n","protected":false},"excerpt":{"rendered":"<p>Anexo ao Sesc Londrina Cadei\u00e3o Cultural O Museu faz parte da estrutura do Sesc Londrina Cadei\u00e3o, um centro cultural constru\u00eddo pelo Sesc Paran\u00e1 no pr\u00e9dio que abrigava a antiga cadeia p\u00fablica da cidade. A unidade oferece cursos regulares de artes, m\u00fasica e teatro, al\u00e9m de exposi\u00e7\u00f5es e apresenta\u00e7\u00f5es culturais. Ambos est\u00e3o abertos ao p\u00fablico para [&#8230;]<\/p>\n<p><a class=\"btn btn-secondary understrap-read-more-link\" href=\"https:\/\/www.sescpr.com.br\/museudocafe\/sobre\/\">Read More&#8230;<span class=\"screen-reader-text\"> from Sobre o Museu<\/span><\/a><\/p>\n","protected":false},"author":734,"featured_media":597130,"parent":0,"menu_order":0,"comment_status":"closed","ping_status":"closed","template":"","meta":{"footnotes":""},"pp_force_visibility":null,"pp_subpost_visibility":null,"pp_inherited_force_visibility":null,"pp_inherited_subpost_visibility":null,"_links":{"self":[{"href":"https:\/\/www.sescpr.com.br\/museudocafe\/wp-json\/wp\/v2\/pages\/49"}],"collection":[{"href":"https:\/\/www.sescpr.com.br\/museudocafe\/wp-json\/wp\/v2\/pages"}],"about":[{"href":"https:\/\/www.sescpr.com.br\/museudocafe\/wp-json\/wp\/v2\/types\/page"}],"author":[{"embeddable":true,"href":"https:\/\/www.sescpr.com.br\/museudocafe\/wp-json\/wp\/v2\/users\/734"}],"replies":[{"embeddable":true,"href":"https:\/\/www.sescpr.com.br\/museudocafe\/wp-json\/wp\/v2\/comments?post=49"}],"version-history":[{"count":19,"href":"https:\/\/www.sescpr.com.br\/museudocafe\/wp-json\/wp\/v2\/pages\/49\/revisions"}],"predecessor-version":[{"id":167,"href":"https:\/\/www.sescpr.com.br\/museudocafe\/wp-json\/wp\/v2\/pages\/49\/revisions\/167"}],"wp:featuredmedia":[{"embeddable":true,"href":"https:\/\/www.sescpr.com.br\/museudocafe\/wp-json\/wp\/v2\/media\/597130"}],"wp:attachment":[{"href":"https:\/\/www.sescpr.com.br\/museudocafe\/wp-json\/wp\/v2\/media?parent=49"}],"curies":[{"name":"wp","href":"https:\/\/api.w.org\/{rel}","templated":true}]}}