{"id":273,"date":"2023-05-15T09:13:41","date_gmt":"2023-05-15T12:13:41","guid":{"rendered":"https:\/\/www.sescpr.com.br\/inscricoes-esporte\/?page_id=273"},"modified":"2025-08-19T10:56:36","modified_gmt":"2025-08-19T13:56:36","slug":"regulamento","status":"publish","type":"page","link":"https:\/\/www.sescpr.com.br\/inscricoes-esporte\/sub-15\/regulamento\/","title":{"rendered":"Regulamento"},"content":{"rendered":"\r\n<h2 class=\"wp-block-heading\">REGULAMENTO OFICIAL COPA SESC SUB-15 | 2025<\/h2>\r\n\r\n\r\n\r\n<h3 class=\"wp-block-heading mt-3 mt-lg-4\">CAP\u00cdTULO I \u2013 Finalidade<\/h3>\r\n\r\n\r\n\r\n<p><strong>Art. 01<\/strong> \u2013 COPA SESC SUB15 | 2025, ser\u00e1 organizada por 20 Unidades do Sesc PR I \u00a0doravante denominada \u201corganizadora\u201d.<\/p>\r\n\r\n\r\n\r\n<p><strong>Art. 02<\/strong> \u2013 O campeonato ser\u00e1 disputado em conformidade com o presente regulamento, tendo por finalidade a integra\u00e7\u00e3o e o congra\u00e7amento entre os participantes.<\/p>\r\n\r\n\r\n\r\n<h3 class=\"wp-block-heading mt-3 mt-lg-5\">CAP\u00cdTULO II \u2013 Premia\u00e7\u00e3o<\/h3>\r\n\r\n\r\n\r\n<p><strong>Art. 03<\/strong> \u2013 Ser\u00e3o os seguintes pr\u00eamios oficiais da COPA SESC SUB15 | 2025:<\/p>\r\n\r\n\r\n\r\n<p>Ao campe\u00e3o, vice e terceiro colocado \u2013 trof\u00e9u e medalhas.<\/p>\r\n\r\n\r\n\r\n<h3 class=\"wp-block-heading mt-3 mt-lg-5\">CAP\u00cdTULO III \u2013 Inscri\u00e7\u00f5es e Equipes<\/h3>\r\n\r\n\r\n\r\n<p><strong>Art. 04<\/strong> \u2013 A competi\u00e7\u00e3o ser\u00e1 realizada na categoria masculina, na categoria sub15. Poder\u00e3o ser inscritos 12 atletas e 3 membros da comiss\u00e3o t\u00e9cnica. O n\u00famero m\u00e1ximo de participantes (15) contempla todos os componentes informados na inscri\u00e7\u00e3o.<\/p>\r\n\r\n\r\n\r\n<p><strong>Art. 05<\/strong> \u2013 A inscri\u00e7\u00e3o ser\u00e1 realizada no site oficial do evento podendo efetuar o pagamento das formas relacionadas abaixo dentro do prazo estabelecido e, at\u00e9 completarem as equipes na Categoria SUB15. O n\u00e3o pagamento do boleto\/Taxa de Inscri\u00e7\u00e3o at\u00e9 a data do Congresso T\u00e9cnico inibir\u00e1 a participa\u00e7\u00e3o da equipe no Campeonato.<\/p>\r\n\r\n\r\n\r\n<ol>\r\n<li>1 \u2013 Cart\u00e3o de cr\u00e9dio;<\/li>\r\n\r\n\r\n\r\n<li>2 \u2013 Boleto Banc\u00e1rio;<\/li>\r\n<\/ol>\r\n\r\n\r\n\r\n<p>Para incri\u00e7\u00f5es via boleto: a mesma s\u00f3 ser\u00e1 confirmada ap\u00f3s compensa\u00e7\u00e3o.<\/p>\r\n\r\n\r\n\r\n<p><strong>Art. 0<\/strong>6 \u2013 A equipe dever\u00e1 inscrever no m\u00ednimo 07 (sete) e at\u00e9 no m\u00e1ximo 12 (doze) jogadores.<\/p>\r\n\r\n\r\n\r\n<p>\u00a7 1\u00ba - O prazo para inscri\u00e7\u00e3o de atletas ser\u00e1 at\u00e9 o dia do Congresso T\u00e9cnico, definido pela coordena\u00e7\u00e3o da cidade local. Caso n\u00e3o seja atingido o n\u00famero m\u00ednimo de equipes a organiza\u00e7\u00e3o pode alterar a data final de inscri\u00e7\u00e3o.<\/p>\r\n\r\n\r\n\r\n<p>\u00a7 2\u00ba - As equipes que se classificarem para a segunda fase da competi\u00e7\u00e3o poder\u00e3o substituir at\u00e9 3 (tr\u00eas) jogadores, mediante apresenta\u00e7\u00e3o de atestado m\u00e9dico ou declara\u00e7\u00e3o de impossibilidade de viagem (a mesma ser\u00e1 analisada pela comiss\u00e3o organizadora).<\/p>\r\n\r\n\r\n\r\n<p><strong>Art. 07<\/strong> - A equipe que jogar com atletas irregulares, perder\u00e1 os pontos da partida disputada. A responsabilidade em saber a regularidade do atleta \u00e9 da equipe, de acordo com o regulamento da competi\u00e7\u00e3o. Caso a equipe n\u00e3o conquiste pontos no jogo, ser\u00e3o diminu\u00eddos 3 pontos na classifica\u00e7\u00e3o da fase. Podendo a equipe, caso n\u00e3o possua pontos, ficar com pontua\u00e7\u00e3o negativa.<\/p>\r\n\r\n\r\n\r\n<p><strong>Art. 0<\/strong>8 \u2013 A taxa de Inscri\u00e7\u00e3o \u00e9 de R$250,00 para Trabalhadores do Com\u00e9rcio e R$350,00 para o P\u00fablico em Geral. O valor corresponde \u00e0 inscri\u00e7\u00e3o da equipe e n\u00e3o haver\u00e1 nenhuma taxa extra durante o decorrer da competi\u00e7\u00e3o.<\/p>\r\n\r\n\r\n\r\n<p><strong>Art. 0<\/strong>9 \u2013 Cada atleta, antes do in\u00edcio de cada partida, dever\u00e1 apresentar ao mes\u00e1rio a carteira de identidade ou documento original com foto. Caso o nome do atleta n\u00e3o conste na pr\u00e9-s\u00famula da partida, o representante da equipe dever\u00e1 se dirigir ao respons\u00e1vel t\u00e9cnico do Sesc PR na competi\u00e7\u00e3o. A pr\u00e9-s\u00famula j\u00e1 consta a rela\u00e7\u00e3o de jogadores aptos \u00e0 partida, devendo o atleta informar a numera\u00e7\u00e3o do seu uniforme ao mes\u00e1rio. Atletas riscados em s\u00famula n\u00e3o est\u00e3o aptos ao jogo conforme as regras de suspens\u00e3o do presente regulamento.<\/p>\r\n\r\n\r\n\r\n<p>\u00a7 1\u00ba \u2013 O atleta poder\u00e1 apresentar o documento at\u00e9 o final da determinada partida, sob pena da perda dos pontos.<\/p>\r\n\r\n\r\n\r\n<p>\u00a7 2\u00ba \u2013 O atleta dever\u00e1 ter nascido a partir de 2010, ou seja, n\u00e3o completado 16 anos at\u00e9 o dia 31\/12\/2025.<\/p>\r\n\r\n\r\n\r\n<p><strong>Art. 10 <\/strong>\u2013 Os atletas inscritos poder\u00e3o ser substitu\u00eddos at\u00e9 a data do congresso t\u00e9cnico. Ap\u00f3s isso, ser\u00e3o permitidas trocas apenas mediante atestado m\u00e9dico. Tamb\u00e9m n\u00e3o podem estar inscritos em 02 (duas) equipes na mesma unidade, sendo que neste caso a atleta ser\u00e1 considerada integrante da equipe em que realizar sua primeira atua\u00e7\u00e3o.<\/p>\r\n\r\n\r\n\r\n<p>\u00a7 1\u00ba \u2013 Os atletas que j\u00e1 jogaram por uma equipe n\u00e3o poder\u00e3o ser transferidos para outras equipes da mesma competi\u00e7\u00e3o.<\/p>\r\n\r\n\r\n\r\n<h3 class=\"wp-block-heading mt-3 mt-lg-5\">CAP\u00cdTULO IV \u2013 Uniforme<\/h3>\r\n\r\n\r\n\r\n<p><strong>Art. 1<\/strong>1 \u2013 Fica respons\u00e1vel pela troca de uniformes, caso seja exigido pelos \u00e1rbitros, a equipe que constar na coluna da direita da tabela oficial, ou seja, a equipe visitante. Em caso de uniformes coincidentes, o Sesc poder\u00e1 oferecer coletes para a partida.<\/p>\r\n\r\n\r\n\r\n<p><strong>Art. 12<\/strong>\u2013 Aconselhamos a numera\u00e7\u00e3o fixa dos atletas durante toda a competi\u00e7\u00e3o, devendo a equipe informar a organiza\u00e7\u00e3o do evento qualquer troca necess\u00e1ria. Os atletas ter\u00e3o que usar nas costas das respectivas camisas, n\u00fameros de 01 a 99, n\u00e3o sendo permitida a repeti\u00e7\u00e3o de n\u00fameros da mesma equipe. \u00c9 proibido o uso de chuteiras com travas. N\u00e3o \u00e9 obrigat\u00f3ria a numera\u00e7\u00e3o nos cal\u00e7\u00f5es, por\u00e9m se tiverem, ter\u00e3o que ser n\u00fameros iguais das camisas. O uso de caneleiras <strong>ser\u00e1 obrigat\u00f3rio. <\/strong><\/p>\r\n\r\n\r\n\r\n<p><strong>Art 13<\/strong> \u2013 Os atletas dever\u00e3o antes de iniciar os jogos, estar certos de que os seus equipamentos est\u00e3o de acordos com as regras da competi\u00e7\u00e3o. Se constatado equipamentos inadequados, avaliados pela arbitragem, o atleta ser\u00e1 retirado temporariamente do campo, e s\u00f3 poder\u00e1 retornar no momento em que a bola estiver fora de jogo, depois que o \u00e1rbitro verificar as condi\u00e7\u00f5es normais do uniforme.<\/p>\r\n\r\n\r\n\r\n<p>Par\u00e1grafo \u00fanico: A comiss\u00e3o t\u00e9cnica dever\u00e1 ser: T\u00e9cnico ou treinador, auxiliar t\u00e9cnico e m\u00e9dico ou fisioterapeuta com seus respectivos registros em seus conselhos, e dever\u00e3o estar vestidos com cal\u00e7a ou bermuda, camisa com mangas ou similares, t\u00eanis ou chuteira apropriada.<\/p>\r\n\r\n\r\n\r\n<h3 class=\"wp-block-heading mt-3 mt-lg-5\">CAP\u00cdTULO V \u2013 Sistema de Disputa<\/h3>\r\n\r\n\r\n\r\n<p><strong>Art. 14<\/strong> \u2013 COPA SESC SUB15 | 2025<\/p>\r\n\r\n\r\n\r\n<p>As partidas da primeira fase estar\u00e3o compreendidas no per\u00edodo entre o m\u00eas de agosto e setembro de 2025. Caso haja necessidade, poder\u00e3o ser alteradas as datas.<br \/>Durante o congresso t\u00e9cnico da competi\u00e7\u00e3o, que poder\u00e1 ocorrer de maneira presencial ou online, e tratar\u00e1 dos seguintes temas:<\/p>\r\n\r\n\r\n\r\n<ol>\r\n<li>Disposi\u00e7\u00f5es gerais da competi\u00e7\u00e3o (regulamento, conduta, regras, etc.)<\/li>\r\n\r\n\r\n\r\n<li>Sorteio dos grupos;<\/li>\r\n\r\n\r\n\r\n<li>Sorteio dos jogos;<\/li>\r\n<\/ol>\r\n\r\n\r\n\r\n<p>A divulga\u00e7\u00e3o da tabela de jogo ser\u00e1 divulgada em at\u00e9 dois dias ap\u00f3s a realiza\u00e7\u00e3o do congresso t\u00e9cnico, via e-mail do respons\u00e1vel pela inscri\u00e7\u00e3o.\u00a0<br \/>Na 2\u00aa Fase: As 2 (duas) melhores equipes da 1\u00aa Fase se classificam para a fase regional (2\u00aa fase) que ser\u00e1 disputada entre os dias 04 e 05 de outubro**, conforme tabela abaixo. **As datas podem sofrer altera\u00e7\u00f5es, conforme organiza\u00e7\u00e3o de cada unidade.<\/p>\r\n\r\n\r\n\r\n<p><strong>Sedes com duas cidades participantes:<\/strong> Jogos somente de ida entre o Primeiro colocado da cidade A x Segundo colocado da cidade B; Segundo colocado da cidade A x Primeiro colocado da cidade B.<\/p>\r\n\r\n\r\n\r\n<p>Os vencedores da primeira rodada se enfrentam em jogo \u00fanico para definir o campe\u00e3o e o vice-campe\u00e3o da competi\u00e7\u00e3o. Os perdedores da primeira rodada se enfrentam em jogo \u00fanico para definir o terceiro e quarto colocados da competi\u00e7\u00e3o.<\/p>\r\n\r\n\r\n\r\n<p>*em caso de igualdade no placar, a partida ser\u00e1 decidida atrav\u00e9s de SHOOT OUT (Tiro da Linha de Sa\u00edda).<\/p>\r\n\r\n\r\n\r\n<p><strong>Sedes com tr\u00eas cidades participantes:<\/strong> Dois grupos com 3 (tr\u00eas) equipes cada grupo, sendo que no primeiro pote (pote 01) ficar\u00e3o os primeiros colocados de cada sede e no segundo pote (pote 02) os segundos colocados. O primeiro sorteado do pote um ficar\u00e1 no grupo A, o segundo sorteado no grupo B e o terceiro sorteado no grupo A. No pote dois o primeiro sorteado ficar\u00e1 no grupo B, o segundo sorteado ficar\u00e1 no grupo A e o terceiro sorteado no grupo B.<\/p>\r\n\r\n\r\n\r\n<p>A forma de disputa ser\u00e1 todos contra todos em jogos s\u00f3 de ida dentro do pr\u00f3prio grupo, o primeiro colocado de cada grupo disputa a final em partida \u00fanica.<\/p>\r\n\r\n\r\n\r\n<figure class=\"wp-block-table\">\r\n<table>\r\n<tbody>\r\n<tr>\r\n<td colspan=\"3\"><strong>COPA SESC DE FUT7 INFANTIL - 2\u00aa\u00a0 FASE<\/strong><\/td>\r\n<\/tr>\r\n<tr>\r\n<td><strong>\u00a0<\/strong><\/td>\r\n<td><strong>CIDADE SEDE<\/strong><\/td>\r\n<td><strong>VISITANTES<\/strong><\/td>\r\n<\/tr>\r\n<tr>\r\n<td>1<\/td>\r\n<td><strong>Arapongas<\/strong><\/td>\r\n<td>Maring\u00e1, Londrina<\/td>\r\n<\/tr>\r\n<tr>\r\n<td>2<\/td>\r\n<td><strong>Caiob\u00e1<\/strong><\/td>\r\n<td>Curitiba, Rio Negro<\/td>\r\n<\/tr>\r\n<tr>\r\n<td>3<\/td>\r\n<td><strong>Campo Mour\u00e3o<\/strong><\/td>\r\n<td>Ivaipor\u00e3, Umuarama<\/td>\r\n<\/tr>\r\n<tr>\r\n<td>4<\/td>\r\n<td><strong>Guarapuava<\/strong><\/td>\r\n<td>Uni\u00e3o da Vit\u00f3ria, Ponta Grossa<\/td>\r\n<\/tr>\r\n<tr>\r\n<td>5<\/td>\r\n<td><strong>Foz do Igua\u00e7u<\/strong><\/td>\r\n<td>Cascavel<\/td>\r\n<\/tr>\r\n<tr>\r\n<td>6<\/td>\r\n<td><strong>Jacarezinho<\/strong><\/td>\r\n<td>Corn\u00e9lio Proc\u00f3pio<\/td>\r\n<\/tr>\r\n<tr>\r\n<td>7<\/td>\r\n<td><strong>Nova Londrina<\/strong><\/td>\r\n<td>Paranava\u00ed<\/td>\r\n<\/tr>\r\n<tr>\r\n<td>8<\/td>\r\n<td><strong>Toledo<\/strong><\/td>\r\n<td>Marechal C. Rondon<\/td>\r\n<\/tr>\r\n<\/tbody>\r\n<\/table>\r\n<\/figure>\r\n\r\n\r\n\r\n<p>Na 3\u00aa Fase: A melhor equipe de cada cidade sede da 2\u00aa fase se classifica para disputar a fase final (3\u00aa fase) que ocorrer\u00e1 na cidade de Cascavel, no Sesc Cascavel Hotel Fazenda, entre os dias 13 e 16 de novembro.<\/p>\r\n\r\n\r\n\r\n<p>A 3\u00aa fase ser\u00e1 disputada no formato de dois grupos, no qual todos enfrentam todos dentro do pr\u00f3prio grupo. Os dois melhores classificados de cada grupo se enfrentam e disputa mata mata com jogo \u00fanico at\u00e9 a disputa do jogo final.<\/p>\r\n\r\n\r\n\r\n<p>Ex: 1\u00ba grupo A x 2\u00ba grupo B; 1\u00ba grupo B x 2\u00ba grupo A, em sistema eliminat\u00f3rio de jogo \u00fanico, e em caso de igualdade no placar, ser\u00e1 decidido atrav\u00e9s de SHOOT OUT (Tiro da Linha de Sa\u00edda).<\/p>\r\n\r\n\r\n\r\n<ul>\r\n<li>A classifica\u00e7\u00e3o geral do campeonato na primeira fase, a partir do terceiro colocado, ser\u00e1 definida de acordo com o melhor \u00edndice t\u00e9cnico geral, entre todas as equipes da competi\u00e7\u00e3o, conforme o Art. 14 deste Regulamento Oficial. Respeitando as fases eliminat\u00f3rias atingidas, ou seja, um time classificado \u00e0 semifinal n\u00e3o poder\u00e1 ficar abaixo de uma equipe que n\u00e3o se classificou a mesma fase.<\/li>\r\n<\/ul>\r\n\r\n\r\n\r\n<ul>\r\n<li>SHOOT OUT: 3 alternados por equipe, cobrados por atletas distintos. Persistindo o empate, cobran\u00e7as alternada, at\u00e9 a defini\u00e7\u00e3o de um vencedor.<\/li>\r\n<\/ul>\r\n\r\n\r\n\r\n<p><strong>Art. 15<\/strong> \u2013 As pontua\u00e7\u00f5es adotadas ser\u00e3o:<\/p>\r\n\r\n\r\n\r\n<ol style=\"list-style-type: lower-alpha\">\r\n<li>Vit\u00f3ria = 03 pontos<\/li>\r\n\r\n\r\n\r\n<li>Empate = 01 ponto<\/li>\r\n\r\n\r\n\r\n<li>Derrota = 00 ponto<\/li>\r\n<\/ol>\r\n\r\n\r\n\r\n<p><strong>Art. 16<\/strong> \u2013 Crit\u00e9rio de Desempate: Em caso de empate em pontos ganhos, entre duas ou mais equipes, ser\u00e1 considerado o crit\u00e9rio \u201cna fase\u201d e adotado para conhecer a melhor classificada, o seguinte:<\/p>\r\n\r\n\r\n\r\n<ol style=\"list-style-type: lower-alpha\">\r\n<li>NV \u2013 Maior n\u00famero de vit\u00f3rias;\r\n<ol>\r\n<li>SG \u2013 Melhor saldo de gols;<\/li>\r\n<\/ol>\r\n<ol>\r\n<li>CD \u2013 Confronto direto (somente quando houver empate entre duas equipes);<\/li>\r\n<\/ol>\r\n<ol>\r\n<li>GP \u2013 Maior n\u00famero de gols pr\u00f3;<\/li>\r\n<\/ol>\r\n\r\n<ol>\r\n<li>Equipe mais disciplinada (peso: amarelo 01; vermelho 03) CAP\u00cdTULO VI \u2013 Infra\u00e7\u00f5es:<\/li>\r\n<\/ol>\r\n<\/li>\r\n<\/ol>\r\n\r\n\r\n\r\n<p><strong>Art. 17<\/strong> - Ficam institu\u00eddas as seguintes penalidades para infra\u00e7\u00f5es disciplinares por parte de atletas ou qualquer outra pessoa registrada na equipe:<\/p>\r\n\r\n\r\n\r\n<figure class=\"wp-block-table\">\r\n<table>\r\n<tbody>\r\n<tr>\r\n<td>CART\u00d5ES<\/td>\r\n<td>QUANTIDADE<\/td>\r\n<td>SUSPENS\u00c3O<\/td>\r\n<\/tr>\r\n<tr>\r\n<td>AMARELOS<\/td>\r\n<td>03<\/td>\r\n<td>1 JOGO<\/td>\r\n<\/tr>\r\n<tr>\r\n<td>VERMELHOS<\/td>\r\n<td>01<\/td>\r\n<td>1 JOGO<\/td>\r\n<\/tr>\r\n<\/tbody>\r\n<\/table>\r\n<\/figure>\r\n\r\n\r\n\r\n<p>\u00a7 01\u00ba - Na reincid\u00eancia das puni\u00e7\u00f5es disciplinares, as penalidades ser\u00e3o dobradas.<\/p>\r\n\r\n\r\n\r\n<p>\u00a7 02\u00ba - As equipes que tenham concordado em participar desta competi\u00e7\u00e3o est\u00e3o de acordo com o presente regulamento e cientes do C\u00f3digo Desportivo do Sesc PR, sendo sujeitas as puni\u00e7\u00f5es nele instauradas.<\/p>\r\n\r\n\r\n\r\n<p>\u00a7 03\u00ba - O Sesc PR aplicar\u00e1 as puni\u00e7\u00f5es feitas de acordo com os relat\u00f3rios dos oficiais de arbitragem, delegados, e equipe de trabalho. Os casos de infra\u00e7\u00f5es da presente competi\u00e7\u00e3o ser\u00e3o julgados com base no C\u00f3digo Desportivo do Sesc PR.<\/p>\r\n\r\n\r\n\r\n<p>\u00a7 04\u00ba - Todas as pessoas devidamente registradas s\u00e3o pass\u00edveis de puni\u00e7\u00e3o estando ou n\u00e3o dentro de campo, bastando estar em qualquer pra\u00e7a esportiva para se tornar pass\u00edvel de puni\u00e7\u00e3o a qualquer momento.<\/p>\r\n\r\n\r\n\r\n<p>\u00a7 05\u00ba - Os punidos na forma deste artigo dever\u00e3o cumprir a suspens\u00e3o autom\u00e1tica no primeiro jogo subsequente \u00e0 aplica\u00e7\u00e3o do cart\u00e3o disciplinar.<\/p>\r\n\r\n\r\n\r\n<p>\u00a7 06\u00ba - Um cart\u00e3o n\u00e3o anula os outros cart\u00f5es. Ex: um atleta que receber na mesma partida o 3\u00ba amarelo, e 1\u00ba vermelho, sendo todos da 1\u00aa s\u00e9rie, cumprir\u00e1 02 jogos. Os atletas n\u00e3o ser\u00e3o punidos com o mesmo cart\u00e3o no mesmo jogo;<\/p>\r\n\r\n\r\n\r\n<p>\u00a7 07\u00ba - Os cart\u00f5es amarelos ser\u00e3o zerados ao final da 1\u00aa fase.<\/p>\r\n\r\n\r\n\r\n<p>\u00a7 08\u00ba - O atleta que por ventura receber cart\u00e3o vermelho ou o terceiro cart\u00e3o amarelo em seu \u00faltimo jogo da fase de grupos dever\u00e1 cumprir suspens\u00e3o autom\u00e1tica na fase seguinte.<\/p>\r\n\r\n\r\n\r\n<p>Par\u00e1grafo \u00fanico: Caso o atleta seja suspenso por cart\u00e3o na partida final de qualquer fase ele dever\u00e1 cumprir suspens\u00e3o autom\u00e1tica na fase subsequente, ficando assim impedido de disputar a partida de abertura da pr\u00f3xima fase.<\/p>\r\n\r\n\r\n\r\n<p><strong>Art. 18<\/strong> \u2013 A equipe que perder uma partida por WO, desistir e\/ou abandonar a competi\u00e7\u00e3o ser\u00e1 eliminada automaticamente, alterando todos os seus resultados anteriores e posteriores em 02 X 00, por\u00e9m n\u00e3o cancelando os cart\u00f5es disciplinares e os gols para a artilharia da sua equipe.<\/p>\r\n\r\n\r\n\r\n<p>PAR\u00c1GRAFO 1\u00ba - O in\u00edcio do jogo dever\u00e1 ocorrer no hor\u00e1rio marcado em tabela, ou at\u00e9 15 minutos al\u00e9m deste hor\u00e1rio para o primeiro jogo do dia, caso contr\u00e1rio ser\u00e1 W.O. A determina\u00e7\u00e3o do in\u00edcio da partida, bem como o WO (WalkOver), ser\u00e1 sempre do \u00e1rbitro da partida. O in\u00edcio desta toler\u00e2ncia ser\u00e1 sinalizado atrav\u00e9s do silvo do representante de mesa. O per\u00edodo de jogo para todas as fases ser\u00e1 de 2 tempos iguais de 20 min cada, com intervalo de at\u00e9 10 minutos.<\/p>\r\n\r\n\r\n\r\n<p>W.O \u2013 Quando n\u00e3o \u00e9 realizada a partida por falta de atletas suficientes. Conforme Regra Oficial.<\/p>\r\n\r\n\r\n\r\n<p><strong>Art. 19 <\/strong>- Somente o \u00e1rbitro no local, ou comunicado oficial do Sesc PR poder\u00e1 adiar a realiza\u00e7\u00e3o da partida.<\/p>\r\n\r\n\r\n\r\n<p>PAR\u00c1GRAFO 1\u00ba - Uma partida s\u00f3 poder\u00e1 ser suspensa, paralisada e\/ou deixar de ser realizada quando ocorrerem os seguintes motivos:<\/p>\r\n\r\n\r\n\r\n<ol style=\"list-style-type: lower-alpha\">\r\n<li>Falta de garantias, possivelmente verificadas;<\/li>\r\n\r\n\r\n\r\n<li>Dist\u00farbios graves ou conflitos que afetam a sua continuidade;<\/li>\r\n\r\n\r\n\r\n<li>Falta de luz (analisado pela organiza\u00e7\u00e3o);<\/li>\r\n\r\n\r\n\r\n<li>Mau estado do piso que possa tornar o jogo impratic\u00e1vel ou perigoso;<\/li>\r\n\r\n\r\n\r\n<li>Falta de material necess\u00e1rio para a sua realiza\u00e7\u00e3o normal;<\/li>\r\n\r\n\r\n\r\n<li>Confus\u00f5es generalizadas;<\/li>\r\n\r\n\r\n\r\n<li>Falta de pagamento das taxas.<\/li>\r\n<\/ol>\r\n\r\n\r\n\r\n<p>PAR\u00c1GRAFO 2\u00ba - Jogos transferidos, paralisados ou suspensos definitivamente por motivos alheios \u00e0s vontades das equipes disputantes e da arbitragem, ter\u00e3o 02 posicionamentos:<\/p>\r\n\r\n\r\n\r\n<ol>\r\n<li>Ser\u00e1 marcada nova data para a realiza\u00e7\u00e3o do jogo, com seu tempo normal, caso o jogo em quest\u00e3o tenha sido paralisado\/suspenso at\u00e9 antes dos 15min do segundo tempo;<\/li>\r\n\r\n\r\n\r\n<li>Ser\u00e1 dado como encerrada a partida em quest\u00e3o, caso a paralisa\u00e7\u00e3o\/suspens\u00e3o do jogo ocorra ap\u00f3s os 15 minutos do segundo tempo. Sendo \u00a0\u00a0\u00a0\u00a0\u00a0\u00a0\u00a0\u00a0\u00a0\u00a0\u00a0\u00a0\u00a0\u00a0\u00a0\u00a0\u00a0 assim ser\u00e1 analisada a s\u00famula e pode ser alterado o placar em 2x0.<\/li>\r\n<\/ol>\r\n\r\n\r\n\r\n<p>PAR\u00c1GRAFO 3\u00ba - Em todos os casos do PARAGRAFO 2\u00ba s\u00f3 poder\u00e3o participar dos jogos a serem remarcados, os atletas relacionados na s\u00famula quando da paralisa\u00e7\u00e3o da partida.<\/p>\r\n\r\n\r\n\r\n<h3 class=\"wp-block-heading mt-3 mt-lg-5\">CAP\u00cdTULO VII \u2013 Disposi\u00e7\u00f5es Gerais<\/h3>\r\n\r\n\r\n\r\n<p><strong>Art. 20<\/strong> \u2013 A comiss\u00e3o organizadora n\u00e3o se responsabilizar\u00e1 por qualquer contus\u00e3o ou acidente que possam sofrer os participantes durante o campeonato, subentendendo-se tamb\u00e9m que os atletas inscritos pelas equipes foram julgados aptos em inspe\u00e7\u00e3o m\u00e9dica, por conta de cada atleta. No entanto, em caso de necessidade de atendimento durante a competi\u00e7\u00e3o, prestaremos os primeiros socorros.<\/p>\r\n\r\n\r\n\r\n<p><strong>Art. 21<\/strong>\u2013 As equipes inscritas est\u00e3o cientes e ficam obrigadas ao entendimento deste regulamento e do C\u00f3digo Desportivo do Sesc PR.<\/p>\r\n\r\n\r\n\r\n<p><strong>Art. 22<\/strong>\u2013 Valer\u00e3o as regras oficiais vigentes no livro nacional de regras da Confedera\u00e7\u00e3o de Futebol7 do Brasil (CF7B), salvo as especifica\u00e7\u00f5es contidas no regulamento.<\/p>\r\n\r\n\r\n\r\n<p><strong>Art. 23<\/strong>\u2013 A coordena\u00e7\u00e3o t\u00e9cnica e a arbitragem decidir\u00e3o sobre a suspens\u00e3o, interrup\u00e7\u00e3o ou adiamento de uma partida por motivos de for\u00e7a maior.<\/p>\r\n\r\n\r\n\r\n<p><strong>Art. 24<\/strong>\u2013 Os casos omissos ao regulamento ou que venham gerar d\u00favidas, ser\u00e3o resolvidos pela \u00e1rea T\u00e9cnica do Sesc PR com base no C\u00f3digo Desportivo do Sesc PR.<\/p>\r\n\r\n\r\n\r\n<h1 class=\"wp-block-heading\">\u00a0<\/h1>\r\n\r\n\r\n\r\n<h1 class=\"wp-block-heading\">\u00a0<\/h1>\r\n","protected":false},"excerpt":{"rendered":"<p>REGULAMENTO OFICIAL COPA SESC SUB-15 | 2025 CAP\u00cdTULO I \u2013 Finalidade Art. 01 \u2013 COPA SESC SUB15 | 2025, ser\u00e1 organizada por 20 Unidades do Sesc PR I \u00a0doravante denominada \u201corganizadora\u201d. Art. 02 \u2013 O campeonato ser\u00e1 disputado em conformidade com o presente regulamento, tendo por finalidade a integra\u00e7\u00e3o e o congra\u00e7amento entre os participantes.<\/p>\n","protected":false},"author":734,"featured_media":0,"parent":261,"menu_order":0,"comment_status":"closed","ping_status":"closed","template":"","meta":{"footnotes":""},"_links":{"self":[{"href":"https:\/\/www.sescpr.com.br\/inscricoes-esporte\/wp-json\/wp\/v2\/pages\/273"}],"collection":[{"href":"https:\/\/www.sescpr.com.br\/inscricoes-esporte\/wp-json\/wp\/v2\/pages"}],"about":[{"href":"https:\/\/www.sescpr.com.br\/inscricoes-esporte\/wp-json\/wp\/v2\/types\/page"}],"author":[{"embeddable":true,"href":"https:\/\/www.sescpr.com.br\/inscricoes-esporte\/wp-json\/wp\/v2\/users\/734"}],"replies":[{"embeddable":true,"href":"https:\/\/www.sescpr.com.br\/inscricoes-esporte\/wp-json\/wp\/v2\/comments?post=273"}],"version-history":[{"count":63,"href":"https:\/\/www.sescpr.com.br\/inscricoes-esporte\/wp-json\/wp\/v2\/pages\/273\/revisions"}],"predecessor-version":[{"id":1443,"href":"https:\/\/www.sescpr.com.br\/inscricoes-esporte\/wp-json\/wp\/v2\/pages\/273\/revisions\/1443"}],"up":[{"embeddable":true,"href":"https:\/\/www.sescpr.com.br\/inscricoes-esporte\/wp-json\/wp\/v2\/pages\/261"}],"wp:attachment":[{"href":"https:\/\/www.sescpr.com.br\/inscricoes-esporte\/wp-json\/wp\/v2\/media?parent=273"}],"curies":[{"name":"wp","href":"https:\/\/api.w.org\/{rel}","templated":true}]}}