{"id":7257,"date":"2021-10-14T10:43:26","date_gmt":"2021-10-14T13:43:26","guid":{"rendered":"https:\/\/www.sescpr.com.br\/brinquedo\/?post_type=pcoleta&#038;p=3641"},"modified":"2025-10-23T15:10:16","modified_gmt":"2025-10-23T18:10:16","slug":"acimacar","status":"publish","type":"pcoleta","link":"https:\/\/www.sescpr.com.br\/brinquedo\/pcoleta\/acimacar\/","title":{"rendered":"ACIMACAR &#8211; ASSOCIA\u00c7\u00c3O COMERCIAL E EMPRESARIAL DE MARECHAL C\u00c2NDIDO RONDON"},"featured_media":0,"template":"","_links":{"self":[{"href":"https:\/\/www.sescpr.com.br\/brinquedo\/wp-json\/wp\/v2\/pcoleta\/7257"}],"collection":[{"href":"https:\/\/www.sescpr.com.br\/brinquedo\/wp-json\/wp\/v2\/pcoleta"}],"about":[{"href":"https:\/\/www.sescpr.com.br\/brinquedo\/wp-json\/wp\/v2\/types\/pcoleta"}],"wp:attachment":[{"href":"https:\/\/www.sescpr.com.br\/brinquedo\/wp-json\/wp\/v2\/media?parent=7257"}],"curies":[{"name":"wp","href":"https:\/\/api.w.org\/{rel}","templated":true}]}}

ACIMACAR &#8211; ASSOCIAÇÃO COMERCIAL E EMPRESARIAL DE MARECHAL CÂNDIDO RONDON
