{"id":7230,"date":"2021-10-14T09:47:35","date_gmt":"2021-10-14T12:47:35","guid":{"rendered":"https:\/\/www.sescpr.com.br\/brinquedo\/?post_type=pcoleta&#038;p=3603"},"modified":"2025-10-23T15:16:12","modified_gmt":"2025-10-23T18:16:12","slug":"sindicomar-sindicato-patronal-do-comercio-varejista-de-marechal-candido-rondon-e-microrregiao","status":"publish","type":"pcoleta","link":"https:\/\/www.sescpr.com.br\/brinquedo\/pcoleta\/sindicomar-sindicato-patronal-do-comercio-varejista-de-marechal-candido-rondon-e-microrregiao\/","title":{"rendered":"SINDICOMAR &#8211; SINDICATO PATRONAL DO COM\u00c9RCIO VAREJISTA DE MARECHAL C\u00c2NDIDO RONDON E MICRORREGI\u00c3O"},"featured_media":0,"template":"","_links":{"self":[{"href":"https:\/\/www.sescpr.com.br\/brinquedo\/wp-json\/wp\/v2\/pcoleta\/7230"}],"collection":[{"href":"https:\/\/www.sescpr.com.br\/brinquedo\/wp-json\/wp\/v2\/pcoleta"}],"about":[{"href":"https:\/\/www.sescpr.com.br\/brinquedo\/wp-json\/wp\/v2\/types\/pcoleta"}],"wp:attachment":[{"href":"https:\/\/www.sescpr.com.br\/brinquedo\/wp-json\/wp\/v2\/media?parent=7230"}],"curies":[{"name":"wp","href":"https:\/\/api.w.org\/{rel}","templated":true}]}}

SINDICOMAR &#8211; SINDICATO PATRONAL DO COMÉRCIO VAREJISTA DE MARECHAL CÂNDIDO RONDON E MICRORREGIÃO
