{"id":14338,"date":"2025-09-30T17:29:08","date_gmt":"2025-09-30T20:29:08","guid":{"rendered":"https:\/\/www.sescpr.com.br\/brinquedo\/?page_id=14338"},"modified":"2025-10-02T14:48:30","modified_gmt":"2025-10-02T17:48:30","slug":"acampanha","status":"publish","type":"page","link":"https:\/\/www.sescpr.com.br\/brinquedo\/acampanha\/","title":{"rendered":"campanha"},"content":{"rendered":"\n<div class=\"wp-block-group d-none d-lg-block is-layout-constrained wp-block-group-is-layout-constrained\"><div class=\"wp-block-group__inner-container\"><style> #sesc-block-img-bg6a020a960512a .block{position:relative !important;z-index:1 !important;display:flex !important;width:100% !important;align-items:center !important;min-height:inherit !important;} #sesc-block-img-bg6a020a960512a .block-bg-img{width:100% !important;height:100% !important;position:absolute !important;top:0 !important;left:0 !important;z-index:-1 !important;background-size:cover !important;background-repeat:no-repeat !important;background-image:url(\"https:\/\/www.sescpr.com.br\/brinquedo\/wp-content\/uploads\/sites\/146\/2023\/12\/doacao-futuro-integral.jpg\") !important;background-position:center center !important;background-attachment:fixed !important;opacity:1 !important;} @media (min-width: 992px) {  #sesc-block-img-bg6a020a960512a .block{align-items:center !important;min-height:inherit !important;} #sesc-block-img-bg6a020a960512a .block-bg-img{background-position:center center !important;background-size:cover !important;}}<\/style>    <section id=\"sesc-block-img-bg6a020a960512a\" class=\"p-0 my-0 full-width\" style=\"position: relative; z-index: 1\">\r\n        <div style=\"background:linear-gradient(135deg,rgb(201,179,120) 0%,rgba(155,81,224,0) 100%);\" class=\"has-background p-0 my-0 wp-block-sesc-block-block-img-bg\">\r\n\r\n            <div class=\"block\">\r\n                <div class=\"block-bg-img\"><\/div>\r\n                <div style=\"z-index: 1; width: 100%\">\r\n                    \n<div>\n<div class=\"wp-block-columns alignfull are-vertically-aligned-center container m-0 h-100 p-0 is-layout-flex wp-container-core-columns-layout-1 wp-block-columns-is-layout-flex\">\n<div class=\"wp-block-column is-vertically-aligned-center p-5 has-background is-layout-flow wp-block-column-is-layout-flow\" style=\"background:linear-gradient(90deg,rgba(0,0,0,0.63) 63%,rgba(0,0,0,0) 100%);flex-basis:70%\">\n<div class=\"wp-block-group py-5 is-layout-constrained wp-block-group-is-layout-constrained\"><div class=\"wp-block-group__inner-container\">\n<div style=\"height:110px\" aria-hidden=\"true\" class=\"wp-block-spacer d-none d-md-block\"><\/div>\n\n\n\n<h2 class=\"wp-block-heading mb-5 text-shadow text-giga has-white-color has-text-color has-link-color wp-elements-fe4d775194c17d4028e89428227c671c\" style=\"font-size:4.99rem;font-style:normal;font-weight:700;text-transform:uppercase\">17 anos distribuindo sorrisos e solidariedade!<\/h2>\n\n\n\n<div style=\"height:100px\" aria-hidden=\"true\" class=\"wp-block-spacer d-none d-md-block\"><\/div>\n<\/div><\/div>\n<\/div>\n\n\n\n<div class=\"wp-block-column is-vertically-aligned-center d-none d-md-block is-layout-flow wp-block-column-is-layout-flow\"><\/div>\n<\/div>\n<\/div>\n\r\n                <\/div>\r\n            <\/div>\r\n        <\/div>\r\n\r\n    <\/section>\r\n\r\n<\/div><\/div>\n\n\n\n<div class=\"wp-block-group d-lg-none is-layout-constrained wp-block-group-is-layout-constrained\"><div class=\"wp-block-group__inner-container\"><style> #sesc-block-img-bg6a020a9605850 .block{position:relative !important;z-index:1 !important;display:flex !important;width:100% !important;align-items:center !important;min-height:inherit !important;} #sesc-block-img-bg6a020a9605850 .block-bg-img{width:100% !important;height:100% !important;position:absolute !important;top:0 !important;left:0 !important;z-index:-1 !important;background-size:cover !important;background-repeat:no-repeat !important;background-image:url(\"\") !important;background-position:center center !important;background-attachment:fixed !important;opacity:1 !important;} @media (min-width: 992px) {  #sesc-block-img-bg6a020a9605850 .block{align-items:center !important;min-height:inherit !important;} #sesc-block-img-bg6a020a9605850 .block-bg-img{background-position:top center !important;background-size:cover !important;}}<\/style>    <section id=\"sesc-block-img-bg6a020a9605850\" class=\"p-0 my-0 full-width\" style=\"position: relative; z-index: 1\">\r\n        <div style=\"background:linear-gradient(135deg,rgb(201,179,120) 0%,rgba(155,81,224,0) 100%);\" class=\"has-background p-0 my-0 wp-block-sesc-block-block-img-bg\">\r\n\r\n            <div class=\"block\">\r\n                <div class=\"block-bg-img\"><\/div>\r\n                <div style=\"z-index: 1; width: 100%\">\r\n                    \n<div>\n<div class=\"wp-block-columns alignfull are-vertically-aligned-center container m-0 h-100 p-0 is-layout-flex wp-container-core-columns-layout-2 wp-block-columns-is-layout-flex\">\n<div class=\"wp-block-column is-vertically-aligned-center p-5 has-background is-layout-flow wp-block-column-is-layout-flow\" style=\"background:linear-gradient(90deg,rgba(0,0,0,0.47) 63%,rgba(0,0,0,0) 100%);flex-basis:70%\">\n<div class=\"wp-block-group ps-md-5 is-layout-constrained wp-block-group-is-layout-constrained\"><div class=\"wp-block-group__inner-container\">\n<h2 class=\"wp-block-heading mb-5 text-shadow text-giga has-white-color has-text-color has-link-color has-large-font-size wp-elements-fc3af656aa15b47eb42c6e3c484bce9e\" style=\"font-style:normal;font-weight:700;text-transform:uppercase\">17 anos distribuindo sorrisos e solidariedade!<\/h2>\n<\/div><\/div>\n<\/div>\n\n\n\n<div class=\"wp-block-column is-vertically-aligned-center d-none d-md-block is-layout-flow wp-block-column-is-layout-flow\"><\/div>\n<\/div>\n<\/div>\n\r\n                <\/div>\r\n            <\/div>\r\n        <\/div>\r\n\r\n    <\/section>\r\n\r\n<\/div><\/div>\n\n\n\n<h3 class=\"wp-block-heading has-text-align-center px-3 mt-5\">A Campanha do Brinquedo Sesc Paran\u00e1 e RPC distribui alegria e solidariedade, arrecadando brinquedos novos e usados em bom estado para doar a crian\u00e7as em situa\u00e7\u00e3o de vulnerabilidade social. Nosso prop\u00f3sito \u00e9 simples: garantir que o Natal dessas crian\u00e7as seja repleto de sorrisos e esperan\u00e7a!<\/h3>\n\n\n\n<div style=\"height:100px\" aria-hidden=\"true\" class=\"wp-block-spacer\"><\/div>\n\n\n\n<div class=\"wp-block-columns is-layout-flex wp-container-core-columns-layout-3 wp-block-columns-is-layout-flex\">\n<div class=\"wp-block-column is-layout-flow wp-block-column-is-layout-flow\">\n<div class=\"wp-block-group px-3 is-layout-constrained wp-block-group-is-layout-constrained\"><div class=\"wp-block-group__inner-container\">\n<h2 class=\"wp-block-heading text-dark mb-4\">Resultados que levam felicidade!<\/h2>\n\n\n\n<p>A Campanha mobiliza comunidades em mais de 30 munic\u00edpios do estado, com postos de arrecada\u00e7\u00e3o em empresas, escolas e condom\u00ednios. Sua ajuda \u00e9 fundamental! Doe brinquedos novos ou usados em bom estado! Colabore para que esse brinquedo encontre uma nova crian\u00e7a!<\/p>\n\n\n\n<p>Juntos, podemos fazer a diferen\u00e7a na vida dessas crian\u00e7as, garantindo que cada uma delas receba um presente e sinta o carinho de quem acredita em um futuro mais solid\u00e1rio.&nbsp;<\/p>\n<\/div><\/div>\n<\/div>\n\n\n\n<div class=\"wp-block-column is-vertically-aligned-center is-layout-flow wp-block-column-is-layout-flow\"><div class=\"wp-block-image is-style-rounded\">\n<figure class=\"aligncenter size-large\"><img loading=\"lazy\" decoding=\"async\" width=\"1024\" height=\"768\" src=\"https:\/\/www.sescpr.com.br\/brinquedo\/wp-content\/uploads\/sites\/146\/2025\/09\/Rede-de-Solidariedade-I-1024x768.jpeg\" alt=\"\" class=\"wp-image-14333\" srcset=\"https:\/\/www.sescpr.com.br\/brinquedo\/wp-content\/uploads\/sites\/146\/2025\/09\/Rede-de-Solidariedade-I-1024x768.jpeg 1024w, https:\/\/www.sescpr.com.br\/brinquedo\/wp-content\/uploads\/sites\/146\/2025\/09\/Rede-de-Solidariedade-I-300x225.jpeg 300w, https:\/\/www.sescpr.com.br\/brinquedo\/wp-content\/uploads\/sites\/146\/2025\/09\/Rede-de-Solidariedade-I-768x576.jpeg 768w, https:\/\/www.sescpr.com.br\/brinquedo\/wp-content\/uploads\/sites\/146\/2025\/09\/Rede-de-Solidariedade-I.jpeg 1280w\" sizes=\"(max-width: 1024px) 100vw, 1024px\" \/><\/figure><\/div><\/div>\n<\/div>\n\n\n\n<div class=\"wp-block-group px-3 my-5 py-5 rounded rounded-lg has-background is-layout-constrained wp-block-group-is-layout-constrained\" style=\"background-color:#0d487f\"><div class=\"wp-block-group__inner-container\">\n<h2 class=\"wp-block-heading has-text-align-center text-white pt-3 mb-4\">Institui\u00e7\u00f5es parceiras<\/h2>\n\n\n\n<p class=\"text-white\">A Campanha do Brinquedo \u00e9 uma realiza\u00e7\u00e3o do Sistema Fecom\u00e9rcio Sesc Senac Paran\u00e1 e RPC, em parceria com o Ex\u00e9rcito Brasileiro, C\u00e2mara da Mulher Empreendedora e Gestora de Neg\u00f3cios e os sindicatos empresariais filiados \u00e0 Fecom\u00e9rcio.<\/p>\n\n\n\n<div style=\"height:20px\" aria-hidden=\"true\" class=\"wp-block-spacer\"><\/div>\n<\/div><\/div>\n\n\n    <style> #sesc-6a020a96063ba .sescpr-col-simple-content{display:flex !important;flex-direction:column !important;width:100% !important;} #sesc-6a020a96063ba .image-simple{object-fit:cover !important;width:100% !important;display:block !important;position:relative !important;} #sesc-6a020a96063ba .image-simple.size-variable{object-fit:scale-down !important;object-position:center center !important;height:50vh !important;} #sesc-6a020a96063ba .sesc-col-1{width:100% !important;display:flex !important;flex-direction:column !important;align-items:center !important;justify-content:center !important;background:transparent !important;} #sesc-6a020a96063ba .sesc-col-2{display:flex !important;align-items:center !important;width:100% !important;background:transparent !important;} @media (min-width: 992px) {  #sesc-6a020a96063ba .image-simple.size-variable{height:50vh !important;} #sesc-6a020a96063ba .sescpr-col-simple-content{flex-direction:row !important;} #sesc-6a020a96063ba .sesc-col-1{width:50% !important;} #sesc-6a020a96063ba .sesc-col-2{width:50% !important;}}<\/style>\n\n    <div id=\"sesc-6a020a96063ba\" class=\"\">\n\n        <div class=\"sescpr-col-simple-content\">\n\n            <div class=\"sesc-col-1\">\n                <img decoding=\"async\" src=\"https:\/\/www.sescpr.com.br\/brinquedo\/wp-content\/uploads\/sites\/146\/2024\/10\/campanhabrinquedo_drivethru.jpg\" width=\"2560\" width=\"2560\" heigth=\"1920\" alt=\"campanhabrinquedo_drivethru\" class=\"image-simple rounded overflow-hidden \" loading=\"lazy\" \/>\n                            <\/div>\n\n            <div class=\"sesc-col-2\" style=\"z-index:2;\">\n                <div class=\"p-2 p-md-4 border-radius: 10px\">\n                    \n<div>\n<div class=\"wp-block-group px-2 is-layout-constrained wp-block-group-is-layout-constrained\"><div class=\"wp-block-group__inner-container\">\n<h2 class=\"wp-block-heading text-dark mb-4\">Acolhimento e responsabilidade na distribui\u00e7\u00e3o das doa\u00e7\u00f5es<\/h2>\n\n\n\n<p>Cada doa\u00e7\u00e3o \u00e9 tratada com responsabilidade e cuidado, desde a separa\u00e7\u00e3o at\u00e9 a entrega. A distribui\u00e7\u00e3o das arrecada\u00e7\u00f5es ocorre por meio de parcerias com institui\u00e7\u00f5es de v\u00e1rios munic\u00edpios do Paran\u00e1. Todas as institui\u00e7\u00f5es beneficiadas est\u00e3o devidamente registradas em conselhos municipais de defesa de direitos!<\/p>\n\n\n\n<p>Todas as institui\u00e7\u00f5es beneficiadas est\u00e3o devidamente registradas em conselhos municipais de defesa de direitos. Em nossos brech\u00f3s, pessoas carentes t\u00eam autonomia para escolher as pe\u00e7as que precisam, promovendo protagonismo e inclus\u00e3o.<\/p>\n<\/div><\/div>\n<\/div>\n                <\/div>\n            <\/div>\n        <\/div>\n\n    <\/div>\n\n\n\n\n<div style=\"height:48px\" aria-hidden=\"true\" class=\"wp-block-spacer\"><\/div>\n\n\n    <style> #sescpr-carousel-6a020a96067b1 .img-carrosel{width:100% !important;background-size:cover !important;background-repeat:no-repeat !important;object-fit:cover !important;} #sescpr-carousel-6a020a96067b1 .block-content{width:100% !important;height:auto !important;overflow:hidden !important;} #sescpr-carousel-6a020a96067b1 .splide__slide{height:30vh !important;} @media (min-width: 992px) {  #sescpr-carousel-6a020a96067b1 .splide__track{height:45vh !important;} #sescpr-carousel-6a020a96067b1 .img-carrosel{height:45vh !important;} #sescpr-carousel-6a020a96067b1 .block-content{height:45vh !important;}}<\/style>\n    <div id=\"sescpr-carousel-6a020a96067b1\" class=\"sescpr-carousel  \">\n        <!-- COM SPLIDE -->\n                    <section id=\"splide-carrossel-6a020a96067b1\" class=\"splide block-content\" role=\"group\" aria-label=\"\">\n                <div class=\"splide__track\">\n                    <ul class=\"splide__list\">\n                                                    <li class=\"splide__slide\">\n                                <div alt=\"\" class=\"img-carrosel\" style=\"background-image: url(https:\/\/www.sescpr.com.br\/brinquedo\/wp-content\/uploads\/sites\/146\/2023\/12\/doacao-futuro-integral.jpg); background-position:center center; width: 100%; height: 100%\"><\/div>                            <\/li>\n                                                    <li class=\"splide__slide\">\n                                <div alt=\"\" class=\"img-carrosel\" style=\"background-image: url(https:\/\/www.sescpr.com.br\/brinquedo\/wp-content\/uploads\/sites\/146\/2025\/09\/Rede-de-solidariedade-IV.jpg); background-position:center center; width: 100%; height: 100%\"><\/div>                            <\/li>\n                                                    <li class=\"splide__slide\">\n                                <div alt=\"\" class=\"img-carrosel\" style=\"background-image: url(https:\/\/www.sescpr.com.br\/brinquedo\/wp-content\/uploads\/sites\/146\/2025\/09\/Pratique-a-solidariedade.jpeg); background-position:top center; width: 100%; height: 100%\"><\/div>                            <\/li>\n                                                    <li class=\"splide__slide\">\n                                <div alt=\"\" class=\"img-carrosel\" style=\"background-image: url(https:\/\/www.sescpr.com.br\/brinquedo\/wp-content\/uploads\/sites\/146\/2024\/10\/e5.jpg); background-position:top center; width: 100%; height: 100%\"><\/div>                            <\/li>\n                                            <\/ul>\n                <\/div>\n            <\/section>\n                    <\/section>\n    <\/div>\n            <script>\n            document.addEventListener('DOMContentLoaded', function() {\n                    new Splide('#splide-carrossel-6a020a96067b1', {\n                        type: 'loop',\n                        autoplay: true,\n                        interval: 5000,\n                        perPage: 1,\n                        lazyLoad: true,\n                        resetProgress: true,\n                        cover: false,\n                        speed: 800,\n                        pauseOnHover: true,\n                        breakpoints: {\n                            576: {\n                                perPage: 1,\n                            },\n                        }\n                    }).mount();\n                }\n\n            );\n        <\/script>\n    \n\n\n<div style=\"height:50px\" aria-hidden=\"true\" class=\"wp-block-spacer\"><\/div>\n\n\n\n    <style>\n        #sesc-6a020a9607497 {\n            z-index: 2\n        }\n\n        #sesc-6a020a9607497 .img-full {\n            object-fit: cover;\n            z-index: -1;\n            height: 100%;\n            height: !important;\n        }\n\n        #sesc-6a020a9607497 .col-bg {\n            z-index: 2;\n            background: ;background:#ffffffb5        }\n\n        @media (min-width: 576px) {\n            #sesc-6a020a9607497 {\n                height: !important;\n            }\n\n            #sesc-6a020a9607497 .img-full {\n                height: !important;\n                position: absolute;\n                top: 0;\n                left: 0;\n            }\n\n        }\n    <\/style>\n\n    <div id=\"sesc-6a020a9607497\" class=\"sescpr-colfull-img overflow-hidden w-100 \">\n\n        <div class=\"w-100 h-100 d-md-flex position-relative col-12 col-md-7 flex-column flex-md-row \">\n            <img decoding=\"async\" src=\"https:\/\/www.sescpr.com.br\/brinquedo\/wp-content\/uploads\/sites\/146\/2024\/10\/temnosescpr.jpg\" class=\"w-100 d-md-block img-full\" style=\"object-position: center center; object-fit: cover\">\n\n            <div class=\"col-bg position-relative col-12 col-md-5 d-flex align-items-center p-2 p-md-5\">\n                <div class=\"p-2 p-md-4\">\n                    \n<div>\n<div class=\"wp-block-group p-3 px-5 has-white-color has-text-color has-background has-link-color wp-elements-844ef77bf817152101ac9cbd8f382dc5 is-layout-constrained wp-block-group-is-layout-constrained\" style=\"background-color:#e3a302d9\"><div class=\"wp-block-group__inner-container\">\n<h2 class=\"wp-block-heading text-black has-white-color has-text-color has-link-color wp-elements-22cbd7dbd6f82e7806cf5a24d3d004bf\">Tudo que faz bem tem no Sesc Paran\u00e1<\/h2>\n\n\n\n<p class=\"text-black\">O Sesc mobiliza institui\u00e7\u00f5es sociais e coletivos para garantir direitos humanos, promover cidadania ativa e contribuir com o desenvolvimento de comunidades.<\/p>\n\n\n    <a href=\"https:\/\/www.sescpr.com.br\/area-de-atuacao\/acao-social\/\" class=\"btn px-4 py-3 mx-auto d-block btn-dark \" style=\"max-width: max-content; min-width: 100px\">\r\n        Conhe\u00e7a a a\u00e7\u00e3o social do Sesc PR    <\/a>\r\n\r\n<\/div><\/div>\n<\/div>\n                <\/div>\n            <\/div>\n        <\/div>\n\n\n\n\n    <\/div>\n","protected":false},"excerpt":{"rendered":"<p>A Campanha do Brinquedo Sesc Paran\u00e1 e RPC distribui alegria e solidariedade, arrecadando brinquedos novos e usados em bom estado para doar a crian\u00e7as em situa\u00e7\u00e3o de vulnerabilidade social. Nosso prop\u00f3sito \u00e9 simples: garantir que o Natal dessas crian\u00e7as seja repleto de sorrisos e esperan\u00e7a! Resultados que levam felicidade! A Campanha mobiliza comunidades em mais [&#8230;]<\/p>\n<p><a class=\"btn btn-secondary understrap-read-more-link\" href=\"https:\/\/www.sescpr.com.br\/brinquedo\/acampanha\/\">Read More&#8230;<span class=\"screen-reader-text\"> from campanha<\/span><\/a><\/p>\n","protected":false},"author":734,"featured_media":0,"parent":0,"menu_order":0,"comment_status":"closed","ping_status":"closed","template":"","meta":{"footnotes":""},"_links":{"self":[{"href":"https:\/\/www.sescpr.com.br\/brinquedo\/wp-json\/wp\/v2\/pages\/14338"}],"collection":[{"href":"https:\/\/www.sescpr.com.br\/brinquedo\/wp-json\/wp\/v2\/pages"}],"about":[{"href":"https:\/\/www.sescpr.com.br\/brinquedo\/wp-json\/wp\/v2\/types\/page"}],"author":[{"embeddable":true,"href":"https:\/\/www.sescpr.com.br\/brinquedo\/wp-json\/wp\/v2\/users\/734"}],"replies":[{"embeddable":true,"href":"https:\/\/www.sescpr.com.br\/brinquedo\/wp-json\/wp\/v2\/comments?post=14338"}],"version-history":[{"count":1,"href":"https:\/\/www.sescpr.com.br\/brinquedo\/wp-json\/wp\/v2\/pages\/14338\/revisions"}],"predecessor-version":[{"id":14339,"href":"https:\/\/www.sescpr.com.br\/brinquedo\/wp-json\/wp\/v2\/pages\/14338\/revisions\/14339"}],"wp:attachment":[{"href":"https:\/\/www.sescpr.com.br\/brinquedo\/wp-json\/wp\/v2\/media?parent=14338"}],"curies":[{"name":"wp","href":"https:\/\/api.w.org\/{rel}","templated":true}]}}