{"id":17,"date":"2022-08-16T17:34:56","date_gmt":"2022-08-16T20:34:56","guid":{"rendered":"https:\/\/www.sescpr.com.br\/basquete3x3\/?page_id=17"},"modified":"2026-01-14T11:09:43","modified_gmt":"2026-01-14T14:09:43","slug":"home","status":"publish","type":"page","link":"https:\/\/www.sescpr.com.br\/basquete3x3\/","title":{"rendered":"home"},"content":{"rendered":"\n<h2 class=\"wp-block-heading has-text-align-center has-luminous-vivid-amber-color has-text-color\">Mostre seu talento na quadra.<\/h2>\n\n\n\n<h3 class=\"wp-block-heading has-text-align-center\">Vem a\u00ed o maior torneio de basquete 3\u00d73&nbsp; j\u00e1 realizado pelo Sesc PR<\/h3>\n\n\n\n<h4 class=\"wp-block-heading has-text-align-center\">Os campe\u00f5es da primeira rodada disputam a grande final em Campo Mour\u00e3o.<\/h4>\n\n\n\n<p><\/p>\n","protected":false},"excerpt":{"rendered":"<p>Mostre seu talento na quadra. Vem a\u00ed o maior torneio de basquete 3\u00d73&nbsp; j\u00e1 realizado pelo Sesc PR Os campe\u00f5es da primeira rodada disputam a grande final em Campo Mour\u00e3o.<\/p>\n","protected":false},"author":734,"featured_media":0,"parent":0,"menu_order":0,"comment_status":"closed","ping_status":"closed","template":"","meta":{"footnotes":""},"_links":{"self":[{"href":"https:\/\/www.sescpr.com.br\/basquete3x3\/wp-json\/wp\/v2\/pages\/17"}],"collection":[{"href":"https:\/\/www.sescpr.com.br\/basquete3x3\/wp-json\/wp\/v2\/pages"}],"about":[{"href":"https:\/\/www.sescpr.com.br\/basquete3x3\/wp-json\/wp\/v2\/types\/page"}],"author":[{"embeddable":true,"href":"https:\/\/www.sescpr.com.br\/basquete3x3\/wp-json\/wp\/v2\/users\/734"}],"replies":[{"embeddable":true,"href":"https:\/\/www.sescpr.com.br\/basquete3x3\/wp-json\/wp\/v2\/comments?post=17"}],"version-history":[{"count":8,"href":"https:\/\/www.sescpr.com.br\/basquete3x3\/wp-json\/wp\/v2\/pages\/17\/revisions"}],"predecessor-version":[{"id":843,"href":"https:\/\/www.sescpr.com.br\/basquete3x3\/wp-json\/wp\/v2\/pages\/17\/revisions\/843"}],"wp:attachment":[{"href":"https:\/\/www.sescpr.com.br\/basquete3x3\/wp-json\/wp\/v2\/media?parent=17"}],"curies":[{"name":"wp","href":"https:\/\/api.w.org\/{rel}","templated":true}]}}